{"id":416,"date":"2025-04-04T04:29:14","date_gmt":"2025-04-04T01:29:14","guid":{"rendered":"https:\/\/gaviaspreview.com\/wp\/homirx\/?page_id=23"},"modified":"2025-05-30T17:33:34","modified_gmt":"2025-05-30T14:33:34","slug":"sektor","status":"publish","type":"page","link":"https:\/\/www.resitalbalatgayrimenkul.com\/?page_id=416","title":{"rendered":"Sekt\u00f6r"},"content":{"rendered":"\t\t<div data-elementor-type=\"wp-page\" data-elementor-id=\"416\" class=\"elementor elementor-416\">\n\t\t\t\t<div class=\"elementor-element elementor-element-01d7d84 e-flex e-con-boxed e-con e-parent\" data-id=\"01d7d84\" data-element_type=\"container\" data-e-type=\"container\">\n\t\t\t\t\t<div class=\"e-con-inner\">\n\t\t<div class=\"elementor-element elementor-element-e3ecb47 e-con-full e-flex e-con e-child\" data-id=\"e3ecb47\" data-element_type=\"container\" data-e-type=\"container\">\n\t\t\t\t<div class=\"elementor-element elementor-element-4eb23f5 elementor-widget elementor-widget-gva-posts\" data-id=\"4eb23f5\" data-element_type=\"widget\" data-e-type=\"widget\" data-widget_type=\"gva-posts.default\">\n\t\t\t\t<div class=\"elementor-widget-container\">\n\t\t\t\t\t<div class=\"gva-element-gva-posts gva-element\">  \r\n  <div class=\"gva-posts-grid clearfix gva-posts\">\r\n\t\t<div class=\"gva-content-items\"> \r\n\t\t  <div class=\"lg-block-grid-3 md-block-grid-3 sm-block-grid-2 xs-block-grid-2 xx-block-grid-1\">\r\n\t\t\t <div class=\"item-columns\">\r\n   <article id=\"post-683\" class=\"post post-one__single post-683 type-post status-publish format-standard hentry category-genel\">\r\n      \r\n         \r\n\r\n      <div class=\"post-one__content has-no-thumbnail\">\r\n         <div class=\"post-one__content-inner\">\r\n            \r\n            <div class=\"post-one__meta\">\r\n               <span class=\"author vcard\"><i class=\"hicon-user-3\"><\/i>Resital Balat<\/span>                                 <span class=\"post-one__entry-date\">\r\n                     <i class=\" hicon-calendar-1\"><\/i>\r\n                     30 May 25                  <\/span>\r\n                           <\/div>\r\n\r\n            <h3 class=\"post-one__title\"><a href=\"https:\/\/www.resitalbalatgayrimenkul.com\/?p=683\" rel=\"bookmark\">Gayrimenkul Sekt\u00f6r\u00fcnde Etik ve G\u00fcvenin Rol\u00fc<\/a><\/h3>\r\n            \r\n            <div class=\"post-one__desc\">Etik Nedir ve Gayrimenkul Sekt\u00f6r\u00fcnde Neden \u00d6nemlidir? Etik, bireylerin ve kurumlar\u0131n davran\u0131\u015flar\u0131n\u0131 do\u011fru, adil ve<\/div>            <div class=\"post-one__read-more\">\r\n               <a href=\"https:\/\/www.resitalbalatgayrimenkul.com\/?p=683\" aria-label=\"link\">\r\n                  Devam\u0131n\u0131 g\u00f6r<i class=\"hicon-right-arrow\"><\/i><\/a>\r\n            <\/div>\r\n\r\n         <\/div>\r\n      <\/div>   \r\n   <\/article>   \r\n\r\n  <\/div><div class=\"item-columns\">\r\n   <article id=\"post-678\" class=\"post post-one__single post-678 type-post status-publish format-standard has-post-thumbnail hentry category-genel\">\r\n      \r\n               <div class=\"post-one__thumbnail\">\r\n            <a href=\"https:\/\/www.resitalbalatgayrimenkul.com\/?p=678\">\r\n               <img fetchpriority=\"high\" decoding=\"async\" width=\"560\" height=\"370\" src=\"https:\/\/www.resitalbalatgayrimenkul.com\/wp-content\/uploads\/2024\/11\/bg-11-2-560x370.jpg\" class=\"attachment-post-thumbnail size-post-thumbnail wp-post-image\" alt=\"Do\u011fru Emlak Ofisi ile \u00c7al\u0131\u015fman\u0131n Fark\u0131\" \/>            <\/a>\r\n         <\/div>   \r\n         \r\n\r\n      <div class=\"post-one__content has-thumbnail\">\r\n         <div class=\"post-one__content-inner\">\r\n            \r\n            <div class=\"post-one__meta\">\r\n               <span class=\"author vcard\"><i class=\"hicon-user-3\"><\/i>Resital Balat<\/span>                                 <span class=\"post-one__entry-date\">\r\n                     <i class=\" hicon-calendar-1\"><\/i>\r\n                     30 May 25                  <\/span>\r\n                           <\/div>\r\n\r\n            <h3 class=\"post-one__title\"><a href=\"https:\/\/www.resitalbalatgayrimenkul.com\/?p=678\" rel=\"bookmark\">Do\u011fru Emlak Ofisi ile \u00c7al\u0131\u015fman\u0131n Fark\u0131<\/a><\/h3>\r\n            \r\n            <div class=\"post-one__desc\">Gayrimenkul al\u0131m, sat\u0131m veya kiralama s\u00fcre\u00e7leri, hayat\u0131m\u0131zdaki en \u00f6nemli ve b\u00fcy\u00fck yat\u0131r\u0131mlardan biridir. Bu s\u00fcre\u00e7lerde<\/div>            <div class=\"post-one__read-more\">\r\n               <a href=\"https:\/\/www.resitalbalatgayrimenkul.com\/?p=678\" aria-label=\"link\">\r\n                  Devam\u0131n\u0131 g\u00f6r<i class=\"hicon-right-arrow\"><\/i><\/a>\r\n            <\/div>\r\n\r\n         <\/div>\r\n      <\/div>   \r\n   <\/article>   \r\n\r\n  <\/div><div class=\"item-columns\">\r\n   <article id=\"post-676\" class=\"post post-one__single post-676 type-post status-publish format-standard hentry category-genel\">\r\n      \r\n         \r\n\r\n      <div class=\"post-one__content has-no-thumbnail\">\r\n         <div class=\"post-one__content-inner\">\r\n            \r\n            <div class=\"post-one__meta\">\r\n               <span class=\"author vcard\"><i class=\"hicon-user-3\"><\/i>Resital Balat<\/span>                                 <span class=\"post-one__entry-date\">\r\n                     <i class=\" hicon-calendar-1\"><\/i>\r\n                     30 May 25                  <\/span>\r\n                           <\/div>\r\n\r\n            <h3 class=\"post-one__title\"><a href=\"https:\/\/www.resitalbalatgayrimenkul.com\/?p=676\" rel=\"bookmark\">Gayrimenkul Dan\u0131\u015fmanl\u0131\u011f\u0131 Nedir ve Neden \u00d6nemlidir?<\/a><\/h3>\r\n            \r\n            <div class=\"post-one__desc\">Gayrimenkul Dan\u0131\u015fmanl\u0131\u011f\u0131 Nedir? Gayrimenkul dan\u0131\u015fmanl\u0131\u011f\u0131, al\u0131c\u0131, sat\u0131c\u0131 veya yat\u0131r\u0131mc\u0131lar\u0131n gayrimenkul i\u015flemlerinde profesyonel rehberlik ve destek<\/div>            <div class=\"post-one__read-more\">\r\n               <a href=\"https:\/\/www.resitalbalatgayrimenkul.com\/?p=676\" aria-label=\"link\">\r\n                  Devam\u0131n\u0131 g\u00f6r<i class=\"hicon-right-arrow\"><\/i><\/a>\r\n            <\/div>\r\n\r\n         <\/div>\r\n      <\/div>   \r\n   <\/article>   \r\n\r\n  <\/div>\t\t  <\/div>\r\n\t\t<\/div>\r\n\t\t\t\t\t <div class=\"pagination\">\r\n\t\t\t\t  \t\t\t <\/div>\r\n\t\t  <\/div>\r\n  <\/div>\t\t\t\t<\/div>\n\t\t\t\t<\/div>\n\t\t\t\t<\/div>\n\t\t\t\t\t<\/div>\n\t\t\t\t<\/div>\n\t\t\t\t<\/div>\n\t\t","protected":false},"excerpt":{"rendered":"<p>Resital Balat 04 Kas 24 Top 8 Amazing Places to Stay in California There are many variations of but the majority have simply free text. Read More Resital Balat 04 [&hellip;]<\/p>\n","protected":false},"author":1,"featured_media":0,"parent":0,"menu_order":0,"comment_status":"closed","ping_status":"closed","template":"","meta":{"footnotes":""},"class_list":["post-416","page","type-page","status-publish","hentry"],"_links":{"self":[{"href":"https:\/\/www.resitalbalatgayrimenkul.com\/index.php?rest_route=\/wp\/v2\/pages\/416","targetHints":{"allow":["GET"]}}],"collection":[{"href":"https:\/\/www.resitalbalatgayrimenkul.com\/index.php?rest_route=\/wp\/v2\/pages"}],"about":[{"href":"https:\/\/www.resitalbalatgayrimenkul.com\/index.php?rest_route=\/wp\/v2\/types\/page"}],"author":[{"embeddable":true,"href":"https:\/\/www.resitalbalatgayrimenkul.com\/index.php?rest_route=\/wp\/v2\/users\/1"}],"replies":[{"embeddable":true,"href":"https:\/\/www.resitalbalatgayrimenkul.com\/index.php?rest_route=%2Fwp%2Fv2%2Fcomments&post=416"}],"version-history":[{"count":4,"href":"https:\/\/www.resitalbalatgayrimenkul.com\/index.php?rest_route=\/wp\/v2\/pages\/416\/revisions"}],"predecessor-version":[{"id":663,"href":"https:\/\/www.resitalbalatgayrimenkul.com\/index.php?rest_route=\/wp\/v2\/pages\/416\/revisions\/663"}],"wp:attachment":[{"href":"https:\/\/www.resitalbalatgayrimenkul.com\/index.php?rest_route=%2Fwp%2Fv2%2Fmedia&parent=416"}],"curies":[{"name":"wp","href":"https:\/\/api.w.org\/{rel}","templated":true}]}}